{"id":740,"date":"2026-01-25T14:28:30","date_gmt":"2026-01-25T13:28:30","guid":{"rendered":"https:\/\/voyage-guide-francais-panama.com\/?page_id=740"},"modified":"2026-01-25T14:28:30","modified_gmt":"2026-01-25T13:28:30","slug":"excursion-0-circuit-de-15-jours-au-panama","status":"publish","type":"page","link":"https:\/\/voyage-guide-francais-panama.com\/index.php\/excursion-0-circuit-de-15-jours-au-panama\/","title":{"rendered":"Excursion 0- Circuit de 15 jours au Panama"},"content":{"rendered":"\n<p>Contactez-moi pour conna\u00eetre les d\u00e9tails de ce circuit qui vous permettra de d\u00e9couvrir le Panama avec son histoire du Canal de Panama, celle de la conqu\u00eate espagnole et le point central de ce pays pendant 3 si\u00e8cles, la diversit\u00e9 des diff\u00e9rentes communaut\u00e9s indig\u00e8nes et enfin la faune et la flore \u00e0 travers des Parcs nationaux terrestres et marins, l&rsquo; oc\u00e9an pacifique, la mer des Cara\u00efbes et la montagne avec sa cordill\u00e8re centrale.<br>J&rsquo; attends votre premier contact par message whatsapp !<\/p>\n","protected":false},"excerpt":{"rendered":"<p>Contactez-moi pour conna\u00eetre les d\u00e9tails de ce circuit qui vous permettra de d\u00e9couvrir le Panama avec son histoire du Canal de Panama, celle de la conqu\u00eate espagnole et le point central de ce pays pendant 3 si\u00e8cles, la diversit\u00e9 des diff\u00e9rentes communaut\u00e9s indig\u00e8nes et enfin &hellip; <\/p>\n","protected":false},"author":1,"featured_media":0,"parent":0,"menu_order":0,"comment_status":"closed","ping_status":"closed","template":"","meta":{"footnotes":""},"class_list":["post-740","page","type-page","status-publish","hentry"],"yoast_head":"<!-- This site is optimized with the Yoast SEO plugin v27.2 - https:\/\/yoast.com\/product\/yoast-seo-wordpress\/ -->\n<title>Excursion 0- Circuit de 15 jours au Panama - J\u00e9r\u00f4me Pujol Guide fran\u00e7ais au Panama | Visite priv\u00e9e avec guide francophone<\/title>\n<meta name=\"robots\" content=\"index, follow, max-snippet:-1, max-image-preview:large, max-video-preview:-1\" \/>\n<link rel=\"canonical\" href=\"https:\/\/voyage-guide-francais-panama.com\/index.php\/excursion-0-circuit-de-15-jours-au-panama\/\" \/>\n<meta property=\"og:locale\" content=\"fr_FR\" \/>\n<meta property=\"og:type\" content=\"article\" \/>\n<meta property=\"og:title\" content=\"Excursion 0- Circuit de 15 jours au Panama - J\u00e9r\u00f4me Pujol Guide fran\u00e7ais au Panama | Visite priv\u00e9e avec guide francophone\" \/>\n<meta property=\"og:description\" content=\"Contactez-moi pour conna\u00eetre les d\u00e9tails de ce circuit qui vous permettra de d\u00e9couvrir le Panama avec son histoire du Canal de Panama, celle de la conqu\u00eate espagnole et le point central de ce pays pendant 3 si\u00e8cles, la diversit\u00e9 des diff\u00e9rentes communaut\u00e9s indig\u00e8nes et enfin &hellip;\" \/>\n<meta property=\"og:url\" content=\"https:\/\/voyage-guide-francais-panama.com\/index.php\/excursion-0-circuit-de-15-jours-au-panama\/\" \/>\n<meta property=\"og:site_name\" content=\"J\u00e9r\u00f4me Pujol Guide fran\u00e7ais au Panama | Visite priv\u00e9e avec guide francophone\" \/>\n<meta name=\"twitter:card\" content=\"summary_large_image\" \/>\n<script type=\"application\/ld+json\" class=\"yoast-schema-graph\">{\"@context\":\"https:\/\/schema.org\",\"@graph\":[{\"@type\":\"WebPage\",\"@id\":\"https:\/\/voyage-guide-francais-panama.com\/index.php\/excursion-0-circuit-de-15-jours-au-panama\/\",\"url\":\"https:\/\/voyage-guide-francais-panama.com\/index.php\/excursion-0-circuit-de-15-jours-au-panama\/\",\"name\":\"Excursion 0- Circuit de 15 jours au Panama - J\u00e9r\u00f4me Pujol Guide fran\u00e7ais au Panama | Visite priv\u00e9e avec guide francophone\",\"isPartOf\":{\"@id\":\"https:\/\/voyage-guide-francais-panama.com\/#website\"},\"datePublished\":\"2026-01-25T13:28:30+00:00\",\"breadcrumb\":{\"@id\":\"https:\/\/voyage-guide-francais-panama.com\/index.php\/excursion-0-circuit-de-15-jours-au-panama\/#breadcrumb\"},\"inLanguage\":\"fr-FR\",\"potentialAction\":[{\"@type\":\"ReadAction\",\"target\":[\"https:\/\/voyage-guide-francais-panama.com\/index.php\/excursion-0-circuit-de-15-jours-au-panama\/\"]}]},{\"@type\":\"BreadcrumbList\",\"@id\":\"https:\/\/voyage-guide-francais-panama.com\/index.php\/excursion-0-circuit-de-15-jours-au-panama\/#breadcrumb\",\"itemListElement\":[{\"@type\":\"ListItem\",\"position\":1,\"name\":\"Accueil\",\"item\":\"http:\/\/voyage-guide-francais-panama.com\/\"},{\"@type\":\"ListItem\",\"position\":2,\"name\":\"Excursion 0- Circuit de 15 jours au Panama\"}]},{\"@type\":\"WebSite\",\"@id\":\"https:\/\/voyage-guide-francais-panama.com\/#website\",\"url\":\"https:\/\/voyage-guide-francais-panama.com\/\",\"name\":\"J\u00e9r\u00f4me PUJOL Guide fran\u00e7ais au Panama | Visite priv\u00e9e avec guide francophone\",\"description\":\"Guide fran\u00e7ais au Panama | Visite priv\u00e9e avec guide francophone\",\"publisher\":{\"@id\":\"https:\/\/voyage-guide-francais-panama.com\/#organization\"},\"alternateName\":\"Guide fran\u00e7ais au Panama | Visite priv\u00e9e avec guide francophone\",\"potentialAction\":[{\"@type\":\"SearchAction\",\"target\":{\"@type\":\"EntryPoint\",\"urlTemplate\":\"https:\/\/voyage-guide-francais-panama.com\/?s={search_term_string}\"},\"query-input\":{\"@type\":\"PropertyValueSpecification\",\"valueRequired\":true,\"valueName\":\"search_term_string\"}}],\"inLanguage\":\"fr-FR\"},{\"@type\":\"Organization\",\"@id\":\"https:\/\/voyage-guide-francais-panama.com\/#organization\",\"name\":\"J\u00e9r\u00f4me Pujol\",\"url\":\"https:\/\/voyage-guide-francais-panama.com\/\",\"logo\":{\"@type\":\"ImageObject\",\"inLanguage\":\"fr-FR\",\"@id\":\"https:\/\/voyage-guide-francais-panama.com\/#\/schema\/logo\/image\/\",\"url\":\"https:\/\/voyage-guide-francais-panama.com\/wp-content\/uploads\/2023\/04\/cropped-cropped-cropped-cropped-logo-1-e1682256137361.jpg\",\"contentUrl\":\"https:\/\/voyage-guide-francais-panama.com\/wp-content\/uploads\/2023\/04\/cropped-cropped-cropped-cropped-logo-1-e1682256137361.jpg\",\"width\":120,\"height\":120,\"caption\":\"J\u00e9r\u00f4me Pujol\"},\"image\":{\"@id\":\"https:\/\/voyage-guide-francais-panama.com\/#\/schema\/logo\/image\/\"}}]}<\/script>\n<!-- \/ Yoast SEO plugin. -->","yoast_head_json":{"title":"Excursion 0- Circuit de 15 jours au Panama - J\u00e9r\u00f4me Pujol Guide fran\u00e7ais au Panama | Visite priv\u00e9e avec guide francophone","robots":{"index":"index","follow":"follow","max-snippet":"max-snippet:-1","max-image-preview":"max-image-preview:large","max-video-preview":"max-video-preview:-1"},"canonical":"https:\/\/voyage-guide-francais-panama.com\/index.php\/excursion-0-circuit-de-15-jours-au-panama\/","og_locale":"fr_FR","og_type":"article","og_title":"Excursion 0- Circuit de 15 jours au Panama - J\u00e9r\u00f4me Pujol Guide fran\u00e7ais au Panama | Visite priv\u00e9e avec guide francophone","og_description":"Contactez-moi pour conna\u00eetre les d\u00e9tails de ce circuit qui vous permettra de d\u00e9couvrir le Panama avec son histoire du Canal de Panama, celle de la conqu\u00eate espagnole et le point central de ce pays pendant 3 si\u00e8cles, la diversit\u00e9 des diff\u00e9rentes communaut\u00e9s indig\u00e8nes et enfin &hellip;","og_url":"https:\/\/voyage-guide-francais-panama.com\/index.php\/excursion-0-circuit-de-15-jours-au-panama\/","og_site_name":"J\u00e9r\u00f4me Pujol Guide fran\u00e7ais au Panama | Visite priv\u00e9e avec guide francophone","twitter_card":"summary_large_image","schema":{"@context":"https:\/\/schema.org","@graph":[{"@type":"WebPage","@id":"https:\/\/voyage-guide-francais-panama.com\/index.php\/excursion-0-circuit-de-15-jours-au-panama\/","url":"https:\/\/voyage-guide-francais-panama.com\/index.php\/excursion-0-circuit-de-15-jours-au-panama\/","name":"Excursion 0- Circuit de 15 jours au Panama - J\u00e9r\u00f4me Pujol Guide fran\u00e7ais au Panama | Visite priv\u00e9e avec guide francophone","isPartOf":{"@id":"https:\/\/voyage-guide-francais-panama.com\/#website"},"datePublished":"2026-01-25T13:28:30+00:00","breadcrumb":{"@id":"https:\/\/voyage-guide-francais-panama.com\/index.php\/excursion-0-circuit-de-15-jours-au-panama\/#breadcrumb"},"inLanguage":"fr-FR","potentialAction":[{"@type":"ReadAction","target":["https:\/\/voyage-guide-francais-panama.com\/index.php\/excursion-0-circuit-de-15-jours-au-panama\/"]}]},{"@type":"BreadcrumbList","@id":"https:\/\/voyage-guide-francais-panama.com\/index.php\/excursion-0-circuit-de-15-jours-au-panama\/#breadcrumb","itemListElement":[{"@type":"ListItem","position":1,"name":"Accueil","item":"http:\/\/voyage-guide-francais-panama.com\/"},{"@type":"ListItem","position":2,"name":"Excursion 0- Circuit de 15 jours au Panama"}]},{"@type":"WebSite","@id":"https:\/\/voyage-guide-francais-panama.com\/#website","url":"https:\/\/voyage-guide-francais-panama.com\/","name":"J\u00e9r\u00f4me PUJOL Guide fran\u00e7ais au Panama | Visite priv\u00e9e avec guide francophone","description":"Guide fran\u00e7ais au Panama | Visite priv\u00e9e avec guide francophone","publisher":{"@id":"https:\/\/voyage-guide-francais-panama.com\/#organization"},"alternateName":"Guide fran\u00e7ais au Panama | Visite priv\u00e9e avec guide francophone","potentialAction":[{"@type":"SearchAction","target":{"@type":"EntryPoint","urlTemplate":"https:\/\/voyage-guide-francais-panama.com\/?s={search_term_string}"},"query-input":{"@type":"PropertyValueSpecification","valueRequired":true,"valueName":"search_term_string"}}],"inLanguage":"fr-FR"},{"@type":"Organization","@id":"https:\/\/voyage-guide-francais-panama.com\/#organization","name":"J\u00e9r\u00f4me Pujol","url":"https:\/\/voyage-guide-francais-panama.com\/","logo":{"@type":"ImageObject","inLanguage":"fr-FR","@id":"https:\/\/voyage-guide-francais-panama.com\/#\/schema\/logo\/image\/","url":"https:\/\/voyage-guide-francais-panama.com\/wp-content\/uploads\/2023\/04\/cropped-cropped-cropped-cropped-logo-1-e1682256137361.jpg","contentUrl":"https:\/\/voyage-guide-francais-panama.com\/wp-content\/uploads\/2023\/04\/cropped-cropped-cropped-cropped-logo-1-e1682256137361.jpg","width":120,"height":120,"caption":"J\u00e9r\u00f4me Pujol"},"image":{"@id":"https:\/\/voyage-guide-francais-panama.com\/#\/schema\/logo\/image\/"}}]}},"_links":{"self":[{"href":"https:\/\/voyage-guide-francais-panama.com\/index.php\/wp-json\/wp\/v2\/pages\/740","targetHints":{"allow":["GET"]}}],"collection":[{"href":"https:\/\/voyage-guide-francais-panama.com\/index.php\/wp-json\/wp\/v2\/pages"}],"about":[{"href":"https:\/\/voyage-guide-francais-panama.com\/index.php\/wp-json\/wp\/v2\/types\/page"}],"author":[{"embeddable":true,"href":"https:\/\/voyage-guide-francais-panama.com\/index.php\/wp-json\/wp\/v2\/users\/1"}],"replies":[{"embeddable":true,"href":"https:\/\/voyage-guide-francais-panama.com\/index.php\/wp-json\/wp\/v2\/comments?post=740"}],"version-history":[{"count":1,"href":"https:\/\/voyage-guide-francais-panama.com\/index.php\/wp-json\/wp\/v2\/pages\/740\/revisions"}],"predecessor-version":[{"id":741,"href":"https:\/\/voyage-guide-francais-panama.com\/index.php\/wp-json\/wp\/v2\/pages\/740\/revisions\/741"}],"wp:attachment":[{"href":"https:\/\/voyage-guide-francais-panama.com\/index.php\/wp-json\/wp\/v2\/media?parent=740"}],"curies":[{"name":"wp","href":"https:\/\/api.w.org\/{rel}","templated":true}]}}